**2 - d + 10. Let p be n(8). Suppose 4*h + 156 = 2*f, 0 = p*f - f - 3*h - 80. Let g = -26 + f. What is the units digit of g?
8
Let f = -11 - -27. Let p be (f/(-24))/((-4)/(-6)). Let s = p - -37. What is the units digit of s?
6
What is the ten thousands digit of 2*-314*2292/(-48)?
2
Suppose 13*u + 72 - 5935 = 0. What is the hundreds digit of u?
4
Let m = 13749 + -10091. What is the thousands digit of m?
3
Let c(v) = 25*v**2 - 17*v + 18. Let w be c(8). Suppose 5*o + 4*d - w = 0, -4*d = o - d - 303. What is the tens digit of o?
9
Suppose 3047 + 2221 = i. What is the hundreds digit of i?
2
Let q be 3 + 1 + 0 + 157. Suppose -q = -10*c + 189. What is the units digit of c?
5
Let j = 52552 - 12282. What is the ten thousands digit of j?
4
Let v = -14 + 17. What is the units digit of 1 + 2967/6 + v/(-6)?
5
Suppose 5*h + 5*g = 30, 4*g - 5 = -h + 4. Suppose -1472 = -4*q + h*z, -4*q + 1480 = -2*z - z. What is the hundreds digit of q?
3
Let m = -14 - -18. Suppose -i + 5*t = -0*t - 376, 0 = -5*i + m*t + 1943. What is the hundreds digit of i?
3
Suppose -2*h + 2 = -6. Suppose 3*t - 6*t - h*f + 4 = 0, 2*f = -5*t + 16. Suppose 0 = t*y - 18 - 38. What is the tens digit of y?
1
Let x = -7043 + 4813. What is the hundreds digit of (16/64 - x/8) + -5?
2
Let r(o) = 5*o**2 - 35*o + 285. What is the hundreds digit of r(11)?
5
Let k = -9130 + 18236. What is the units digit of k?
6
Let l(z) = 74*z**3 + 4*z**2 - 10*z + 4. Let s be ((-4)/14)/(81/(-567)). What is the tens digit of l(s)?
9
Let j(r) = 9*r - 36. Let f be j(5). Let u(y) = 51*y - 82. What is the hundreds digit of u(f)?
3
Let s(k) = -186*k**3 - 13*k**2 - 60*k + 29. What is the tens digit of s(-4)?
6
Let y = 63548 - -16641. What is the hundreds digit of y?
1
Suppose 3*h - i = -0*h - 5, -3*h + 3*i - 3 = 0. What is the hundreds digit of (-895 + h)*(-2)/3?
5
Let p = 2001 - 637. Suppose 4*h + 14*x - 10*x - p = 0, -2*x - 1358 = -4*h. What is the tens digit of h?
4
Suppose 6*n - 66 = -42. Suppose 3*k - 6*q - 2421 = -3*q, 5*q = n*k - 3229. What is the tens digit of k?
0
Let j be -6*3/99 + 568/(-22). Let s = j + 26. Suppose -3*v + z = -348, 0 = v + 5*z - s*z - 100. What is the tens digit of v?
1
Let c(r) = -r + 10. Let q be c(1). Let w = -154 - -258. Suppose w = q*b - 247. What is the tens digit of b?
3
Suppose 215 = k + 210. What is the tens digit of 276 - (k - 42/7)?
7
Suppose 164*i + 521741 - 3099485 = 47*i. What is the thousands digit of i?
2
Let c(q) = 6*q**2 + 37*q + 275. What is the thousands digit of c(18)?
2
Let x(i) = -i**2 - 17*i - 61. Let g be x(-11). Suppose -322 = -g*m + 693. What is the tens digit of m?
0
Let h = -17565 + 37204. What is the hundreds digit of h?
6
Suppose -5*i - 171 = -8*i. Let y = 99 - i. What is the units digit of y?
2
Let g(t) = 2*t + 35. Let y be g(-13). Suppose -3*b - 3*m + 1090 + 35 = 0, 3*m = y. What is the hundreds digit of b?
3
Suppose 7*m + 3335 = -j + 10*m, 0 = -2*m - 8. Let h = 5011 + j. What is the units digit of h?
4
Let h be -26 + -4 + 13 - -14. Let n(d) be the third derivative of d**5/10 + d**4/12 - d**3/3 + 2*d**2. What is the units digit of n(h)?
6
Let s(a) = a**2 + 6*a - 22. Suppose 5*g - 4*k + 6*k - 127 = 0, -3*g + 4*k + 71 = 0. What is the units digit of s(g)?
3
Let w = -4497 + 14581. What is the hundreds digit of w?
0
Suppose -2*f = -a + 10822 + 3820, 0 = 3*f + 21. What is the tens digit of a?
2
Let a = -2262 + 2616. What is the tens digit of a?
5
Suppose c = -3*h + 16, 0 = -5*h + 5*c - c + 4. What is the tens digit of h - (1/2*-6 + -725)?
3
Suppose -5*r - 1165 + 27495 = 0. Suppose 22036 - r = 13*m. Suppose -3*g = -6*g + l + 773, -5*g + m = -2*l. What is the units digit of g?
6
Let m(j) be the second derivative of j**3 + 51*j**2/2 - 2*j - 16. Let p be m(-8). What is the tens digit of ((-49)/p)/((14/12)/(-7))?
9
Let h(u) = -u**2 + 38*u - 54. Let j be h(36). What is the hundreds digit of 858/1*12/j?
5
Let k = -217 - -214. What is the units digit of (395 + -2)/((-3)/2 - k)?
2
Suppose i - 36 = -35. Let p = 5 - i. Suppose -p*f + w + 383 = -0*w, 481 = 5*f + w. What is the tens digit of f?
9
Let x(w) = -156*w**3 + 3*w**2 - 11. Let a be x(-3). Suppose -2*v + 1458 = -3*j, -a = -5*v - j - 549. Suppose v = 5*d - 175. What is the tens digit of d?
8
Let l(n) = 4*n**2 - 80*n + 99. Let y(q) = 2*q**2 - 40*q + 49. Let c(t) = 6*l(t) - 11*y(t). What is the hundreds digit of c(24)?
2
Let s = 96 - 96. Suppose -2*i - 5*u - 30 = -4, s = -4*i + 4*u + 4. What is the tens digit of (1 + i)/(7/(-70))?
2
Suppose -8*s = 1247 + 3073. Let t be (s/42)/9*-1*7. Suppose 6*f = t*f - 788. What is the tens digit of f?
9
Let w be ((2 - -1) + -1)/((-5)/(-70)). Let r = w - -81. Let f = r + -5. What is the units digit of f?
4
Suppose 0 = -4*m - 557 + 433. Suppose -k - 121 = 2*y, 3*y - 6*k + k = -188. Let u = m - y. What is the units digit of u?
0
Let a(n) = 109 + 22 + 129*n - 163*n + 3*n**2. What is the units digit of a(20)?
1
Let w(g) = 661*g**2 - 12*g + 23. What is the tens digit of w(-2)?
9
Let a = 16960 - -1391. What is the ten thousands digit of a?
1
Suppose 21757 = 5*f + 4267. Suppose 26*q - f = 20*q. Suppose 18*h - 7*h = q. What is the units digit of h?
3
Let r be (186/(-27) + 7)*9. Let x(k) = 22*k**2 - k - 2. What is the units digit of x(r)?
9
What is the ten thousands digit of 310/(-3)*(-860511)/1865?
4
Let k(d) = -7*d - 138. Let m be k(-20). Let z(c) = 71*c**2 + 5*c + 4. What is the hundreds digit of z(m)?
2
Let i(u) = -3*u + 2*u**2 + 2 + 0*u**3 + 0*u + u**3. Let l(g) = 32*g**2 + 480*g + 4. Let f be l(-15). What is the units digit of i(f)?
6
Suppose -6*s - 14612 = -2*k - 5*s, -29230 = -4*k + 5*s. What is the hundreds digit of k?
3
Let j(b) = 16 + 22 + 2 - 4*b - 9. What is the units digit of j(-17)?
9
Let u be (((-40)/2)/(-4))/1. Suppose -u*t + 6031 = -3544. What is the tens digit of t?
1
Let b(q) = 8*q**3 + 6. Let g(m) = m**3 - 15*m**2 + 12*m + 25. Let r be g(14). Let u be b(r). Let s = 65 - u. What is the hundreds digit of s?
2
What is the tens digit of (11072/28*18 - -3) + (-40)/(-140)?
2
Let r = -19 + -73. Let b = 125 + r. What is the tens digit of b?
3
Let y(d) = -89*d**3 + 26*d**2 + 115*d - 8. What is the tens digit of y(-4)?
4
Suppose -q = -5, 65*g - 68*g + 3*q = -23325. What is the hundreds digit of g?
7
Let r(q) = -9*q**3 + q**2 - 4*q + 3. Let x be r(2). Let i = x - -76. Suppose -i*z = -8*z + 2*p + 805, 2*z - 341 = -3*p. What is the units digit of z?
3
Let b = 9125 + -2452. What is the tens digit of b?
7
Let b(n) = -n**2 + 18*n - 33. Let q be b(11). Let c = 165 - q. Let k = c + -67. What is the tens digit of k?
5
Let d(k) = -22*k + 435. Let b be d(0). Let w = b - -588. What is the hundreds digit of w?
0
Let t(v) = v**2 + 2*v - 1. Let o be t(1). Let g(w) = w**2 + w - 7. Let p be g(o). What is the units digit of (p + 12/8)/((-2)/(-456))?
4
Let u = 129048 - 91868. What is the units digit of u?
0
Let y(x) = -7*x + 51*x**3 + 11*x**2 - 27*x**3 - 25*x**3 - 12. Let o be y(10). Suppose -o*n = -1624 - 2660. What is the units digit of n?
8
Suppose 5*x + 4*i = -10, 0 = -0*i - 2*i. Let f(b) = 2*b**2 + 2. Let q be f(x). What is the tens digit of 596/q - 16/(-40)?
6
Suppose -2*p + 17 = 3*z + 2, 0 = 2*p - 2*z - 40. Suppose p = n - 190. What is the hundreds digit of n?
2
What is the thousands digit of 2915/1 - -2 - 15/(-5)?
2
Let n = -32 + 25. Let p(c) = -47*c - 11. Let m be p(n). Suppose -4*t - 2*t + m = 0. What is the units digit of t?
3
Let i = -11979 + 17068. What is the tens digit of i?
8
Let n be ((-273)/(-140) + (-2)/10)*-12. Let y be (-2946)/n + 5/(70/(-4)). Let w = 18 + y. What is the tens digit of w?
5
Let m(b) = 2*b**3 + 4*b**2 + 6*b - 6. Let r be m(5). Let y = -662 - -766. Suppose -3*c - c + 2*f + r = 0, c - y = -3*f. What is the units digit of c?
5
Suppose -11*f + 4*j = -13*f + 1430, 5*j = -3*f + 2141. What is the tens digit of f?
0
Let r(g) = 3*g - 18. Let q(f) = -2*f + 6. Let b be q(0). Let l be r(b). Suppose l = -i - 5*i + 420. What is the tens digit of i?
7
Suppose -5*m + 3*h = -5892, 8*m + 2340 = 10*m + 3*h. What is the hundreds digit of m?
1
Let r be (-2374)/(-12) + 5/30. Let a = 5 - r. Let h = a - -348. What is the hundreds digit of h?
1
What is the ten thousands digit of 0 - 0 - (-66124)/(-10 + 14)?
1
Let b = 186 - 181. Suppose -4*x + 3*x - r + 114 = 0, b*x + 3*r - 560 = 0. What is the 